(-3).
11
Let j(y) = y**2 + 3*y. Let n be 4/(-18)*(-4 + -5). Let q(u) = 4*u - 6*u - 2 + u - 2*u - 4*u**n. Let g be q(-1). Give j(g).
0
Let q(i) = 5*i**2 + 3*i + 3. Suppose 5*s - 4*m - 6 = 0, -3*m - 40 = -5*s - 38. Determine q(s).
17
Let i(s) = -3*s - 4. Let d(m) = -2*m - 3. Let c(a) = -4*d(a) + 3*i(a). Let y(f) = 17*f**2 - 31*f - 2. Let z be y(2). Calculate c(z).
-4
Suppose -c + 3 = -3. Let p(b) be the third derivative of -b**7/1260 + b**6/80 - 2*b**5/15 - 5*b**2. Let o(x) be the third derivative of p(x). Calculate o(c).
-15
Let s = 70 + -80. Let w(z) = -9*z + 39. Let i(a) = 4*a - 19. Let t(o) = 13*i(o) + 6*w(o). Calculate t(s).
7
Let n(p) = p**2 + 13*p - 13. Let m be 185/37*(0 + (-14)/5). What is n(m)?
1
Let n(t) = -5*t + 9 + 6*t + 11*t**3 + 7*t**2 - 12*t**3. What is n(7)?
16
Let a(l) = 2*l**2 + 6*l - 12. Let x be a(-5). Suppose -4*d - d + x = -3*k, -3 = k - 2*d. Let i(u) = 5*u**2 - 2*u - 1. Give i(k).
6
Suppose -13*r + 11*r = 8. Let f be 10*((-32)/20 - r). Let x = 19 - f. Let l(d) = -d**2 - 2*d + 3. Give l(x).
-12
Let p(d) = 9*d**2 + 10*d + 24. Let f(h) = 13*h**2 + 9*h + 24. Let u(z) = -2*f(z) + 3*p(z). Determine u(-10).
4
Let k be (-8)/10 - 154/(-55). Let l(t) = -t + 2*t**k + 7*t - 3*t - 2 - 4*t. What is l(-2)?
8
Let i(a) = a**2 - a. Let k(o) = -3*o**2 + o + 1. Let p(c) = -2*i(c) - k(c). Let x(j) = -j - 8. Let t be x(-10). Calculate p(t).
5
Let g(t) = -t**2 - 6*t + 3. Let n(p) = -p**2 - 20*p + 24. Let h be n(-21). Suppose 4*w - 47 = 5*i, 1 + 4 = -2*i - h*w. Give g(i).
-4
Let x(v) be the second derivative of -v**5/5 + v**4/12 - v. Let w = -93 - -48. Let l be (-2)/5 - (-27)/w. What is x(l)?
5
Let y(n) = -n + 9. Let t = -427 - -430. Calculate y(t).
6
Let m(o) = -3*o**2 + 3*o + 2. Let h be 1/(-5) + 279/(-155). Determine m(h).
-16
Let t(g) be the first derivative of -3*g**2/2 + 6*g + 697. What is t(2)?
0
Let n(p) = -p**3 - 29*p**2 + 98*p + 60. Let w be n(-32). Let y(t) = -3*t + 8. Give y(w).
20
Let f(k) = 4*k + 12. Let s(c) = c + 5. Let i(m) = 4*f(m) - 9*s(m). Give i(4).
31
Let q(t) = -t**3 + 6*t**2 + 6*t - 2. Let j be q(7). Let h = 1 - j. Let b be (-90)/(-27)*18/h. Let p(i) = -i**2 + 5*i + 3. Give p(b).
-3
Let f(w) = -4*w**3. Let p = 139 - 140. Let i be (((-2)/6)/p)/(2/(-6)). Determine f(i).
4
Let b(p) = -p + 24 - 93 + 28 + 21 + 19. Let d(o) = o**3 + o**2 - o - 2. Let m be d(0). Calculate b(m).
1
Let m(n) = -6 - 7 - 3*n + 2*n - 8. Calculate m(-19).
-2
Let g(r) = -r - 2. Suppose -s - 20 + 5 = 0. Let a = -30 - s. Let c be ((-18)/a)/((-2)/10). Give g(c).
4
Suppose 0 = 38*q - 40*q - 18. Let r(d) = -d**2 - 10*d + 3. Give r(q).
12
Let g(b) = 76 + 9*b**2 - b**3 - 9*b + 57 - 161 + 3*b**2. Calculate g(11).
-6
Suppose 3*t - 1 = 3*z + 2, 3*t = z + 5. Let k(f) = -6*f + 3*f**3 + 3 - 10*f**3 - 6*f**t - 4 + 8*f**3. Give k(7).
6
Let d(b) = -25*b + 28. Let j(w) = -9*w + 9. Let v(k) = 4*d(k) - 11*j(k). What is v(-10)?
23
Suppose g = -19*g - 20. Suppose -2*a + 3 = -3. Let x(b) = 1 - a*b + 4*b + b. Determine x(g).
-1
Let w(q) = q**2 - 10*q + 2. Let o(x) = x**2 + 27*x - 81. Let s be o(3). Calculate w(s).
-7
Suppose 0 = s - 2. Suppose -o = -5*x - 16, -s*x - o - 16 = x. Let g(i) = i**2 - 1. Let c(z) = z**3 + 6*z**2 - 4*z + 1. Let b(a) = c(a) - 4*g(a). Give b(x).
-11
Let z(f) = 4*f + 1. Let i = -3 - 26. Let r = i - -27. Calculate z(r).
-7
Let d(m) = 9*m - 5. Let a(s) = 8*s - 4. Let k(n) = 4*a(n) - 3*d(n). Let c(y) = 7*y - 2. Let g(r) = 2*c(r) - 3*k(r). Calculate g(-1).
0
Let s(f) be the second derivative of f**4/12 + 7*f**3/6 + 3*f**2 - 57*f. What is s(-8)?
14
Let y(d) = 0*d**2 - 6 + d**2 - 2*d + 6*d. Let i(w) = 3*w**2 - 8*w + 4. Let n be i(3). Let h be n/((-196)/8) + (-99)/21. Determine y(h).
-1
Let s(h) = 6 + 0*h + 4*h - 3*h. Let l = 1695 - 1702. What is s(l)?
-1
Let b(r) = -2*r**3 + r + 1. Let a be b(-1). Let k(i) = -5 - 5*i - 5*i + a*i + i**2 + 8. Calculate k(6).
-9
Let h(w) = -w**3 + 5*w**2 + 7*w + 3. Let k(m) = m**3 - 4*m**2 - 6*m - 2. Let n(c) = 2*h(c) + 3*k(c). Give n(3).
-3
Let x(v) be the second derivative of -2*v**3 + 19*v. Suppose -2*j - 3 = j. What is x(j)?
12
Let h(t) = 15 - 6 - 1136*t + 1129*t. Calculate h(1).
2
Let q(k) = 2*k - 1. Suppose 16 + 12 = h. Let c be -3 + 8 - (-76)/((-10)/5). Let n = c + h. What is q(n)?
-11
Let m = -31 + -64. Let o = 102 + m. Let w(y) = 4*y. Determine w(o).
28
Suppose -63 = 7*t - 42. Let v(b) = -b**3 - 3*b**2 + 3*b + 1. Calculate v(t).
-8
Let w(g) = 9*g - 3. Suppose 81 = 6*n - 33*n. Determine w(n).
-30
Let v(q) = 9*q**3 - 36*q**2 - 26*q + 22. Let b(u) = 11*u**3 - 43*u**2 - 27*u + 22. Let j(t) = 4*b(t) - 5*v(t). Calculate j(10).
-2
Let k(q) be the first derivative of q**4/4 + 4*q**3/3 - 5. Let l(m) = -m**2 - 2*m + 2. Let o be l(3). Let n = 9 + o. Calculate k(n).
0
Let u(k) = -k**3 - 1. Let q(w) = 6*w + 5 - 6*w**2 - 8 - 6*w**3 - 2. Let j(v) = q(v) - 5*u(v). Suppose 3*y = 4*y - 4*c + 15, 3*c = -2*y - 8. Give j(y).
7
Let v(i) = -1 + 81*i - 42*i - 28*i. Calculate v(2).
21
Let l(r) be the first derivative of -r**4/4 - 2*r**3 + r**2/2 - r + 116. Calculate l(-6).
-7
Suppose 0 = t - 3, x + 15 = -x + t. Let h(i) = -i**3 - 5*i**2 + 2*i - 2. Calculate h(x).
22
Suppose -22*v = -31*v - 459. Let u = v - -51. Let z(i) = 0 + 3 - 5 + i. Determine z(u).
-2
Suppose w - 7 + 6 = 0. Suppose -w = -6*k - 25. Let f(b) = b + 1. Give f(k).
-3
Let h(o) = -o**2 - 4*o + 5. Suppose 28 = r - 4*k, -2*k - 41 = -2*r - 3. Suppose 5*w + 41 = r. Calculate h(w).
0
Suppose -121 = 7*x - 121. Let a(m) be the second derivative of -1/6*m**3 + 9*m + 7/2*m**2 + x. What is a(0)?
7
Let m(w) = 188*w + 98 - 181*w - 114 + w**2. Determine m(-9).
2
Let c(h) = 12*h - 38. Let z(u) = -u**2 + 37*u - 206. Let x be z(30). Give c(x).
10
Let s(h) be the first derivative of -3 + 3/2*h**2 + 5*h - 1/3*h**3. Determine s(5).
-5
Let j be (-7)/(28/(-32)) + -19 + 28 + -11. Let u(g) = -g - 8. Let h(k) = 3*k + 17. Let p(r) = -3*h(r) - 7*u(r). Give p(j).
-7
Let c(i) = 2*i**3 + 1. Let b(m) = -7*m + 0*m + 33 + m + 4*m. Let n be b(17). Give c(n).
-1
Let t = -8 + 10. Suppose t*s + 4*w - 2 = -s, 4*w - 6 = -5*s. Let o(d) = -d**s - 2*d + 0 - 3 - 2*d + d. Determine o(-3).
-3
Suppose 5*m - 96 + 101 = 0. Let i(b) = -10*b**3 - b**2 + 6*b + 7. Let g(a) = 20*a**3 + 2*a**2 - 11*a - 13. Let o(z) = -6*g(z) - 11*i(z). Give o(m).
10
Let b(i) = i**3 + 8*i**2 + 4*i + 4. Let m be (-5)/(25/105)*3/9. Determine b(m).
25
Let i(g) = -g**2 - 28*g + 122. Let c be i(-32). Let h(z) = z**3 + 7*z**2 + 3*z - 12. Determine h(c).
6
Let f(w) be the first derivative of -w**4/24 - w**3/3 - w**2/2 - 1. Let v(t) be the second derivative of f(t). Calculate v(-1).
-1
Let x(u) = 7 + 3*u + 2 - 3. Let b(g) = -g + 1. Let f be 5*(-2)/((-11)/(33/(-30))). Let n(r) = f*x(r) + 5*b(r). Determine n(-1).
7
Let p(s) = -s + 0 - 3 + 9. Suppose 55*d - 105*d + 32*d - 126 = 0. Determine p(d).
13
Let m(h) be the second derivative of -h**3/6 + h**2 + 27*h. What is m(6)?
-4
Suppose n - 33 = -4*x, 16*n - 21*n = 2*x - 3. Let b(l) = 2*l - 19. Determine b(x).
-1
Let s(x) = -5*x - 5. Let b = 11 + 0. Let u(t) = t + 1. Let v(g) = b*u(g) + 2*s(g). Give v(-6).
-5
Let g be (27/54)/((-1)/(-12)). Let z(c) = -c**2 + 8*c - g*c + 0*c**2 - 3 + 6*c. Suppose 15 = 3*j - 5*k, -j - 4*k = -1 - 4. Give z(j).
12
Let q(d) = -2*d**3 - 24*d**2 + 10*d + 13. Let w(n) = -n**3 - 19*n**2 + 9*n + 12. Let x(m) = 2*q(m) - 3*w(m). Give x(8).
-2
Suppose 21 = -3*u + 6*u. Let a(w) = -9 + 3 - 10*w + u*w + 6*w. What is a(-5)?
-21
Let z = 63 - 25. Let v = z - 38. Let k(f) = f - 6. Calculate k(v).
-6
Let c(h) = -31*h**3 + 0*h**2 + 2*h + 14*h**3 + 3 + 16*h**3 - 6*h**2. What is c(-6)?
-9
Suppose 37 - 7 = 3*m. Let r(g) = 11*g - 2*g**2 + 1 + 3 + 3*g**2 + m. What is r(-10)?
4
Suppose 5*w + 4 = -1. Let c(s) = 5*s**2 - 45*s + 46*s + 0*s**2 + 15*s**2. What is c(w)?
19
Let m(t) = 2*t**2 - 2*t + 2. Let n(p) = -11*p**2 + 19*p - 36. Let q(j) = 6*m(j) + n(j). Calculate q(-10).
6
Suppose h = 4*v - 4*h + 555, -564 = 4*v + 4*h. Let n be 3/(-2)*v/(-42). Let y(o) be the first derivative of o**4/4 + 5*o**3/3 - 2*o + 2. Calculate y(n).
-2
Let w(r) be the first derivative of r**3/3 + 2*r**2 - 6*r + 1. Suppose 4*u - z - 3*z + 16 = 0, -26 = 5*u + z. Give w(u).
-1
Let l(g) = -g**3 - 8*g**2 - 4*g - 10. Let v be 18/63 - 232/28. What is l(v)?
22
Let g(k) = -4 + 9 - 2*k**2 - 6 + 0 - k. Let i be 0/(9/3) - -2. Suppose 3*t = -